{"id":317,"date":"2019-03-27T14:22:15","date_gmt":"2019-03-27T13:22:15","guid":{"rendered":"http:\/\/lieblingsromane-trier.de\/?page_id=317"},"modified":"2021-01-26T23:01:14","modified_gmt":"2021-01-26T22:01:14","slug":"2018-2","status":"publish","type":"page","link":"https:\/\/lieblingsromane-trier.de\/?page_id=317","title":{"rendered":"2019"},"content":{"rendered":"\n<p><strong>Trierer Literaturgespr\u00e4ch in neuem Format<\/strong> <\/p>\n\n\n\n<p><strong>Unter dem Titel \u201eEnglische Lieblingsromane\u201c fand Ende Januar das j\u00e4hrliche Literaturgespr\u00e4ch in der Stadtbibliothek Weberbach statt. Das neue Format der Universit\u00e4t Trier, des Trierer Centrums f\u00fcr Amerikastudien, des Zentrums f\u00fcr Kanada-Studien und der Stadtbibliothek fand gro\u00dfen Anklang.<\/strong><\/p>\n\n\n\n<p>In den vergangenen zehn Jahren war\ndie Stadtbibliothek an einem Freitag im Januar voller Menschen, die gespannt auf\ndie Vorstellung der besten amerikanischen Romane des vergangenen Jahres\nwartete. Dieses Jahr warteten ebenfalls knapp 150 Menschen in der ausgebuchten\nStadtbibliothek. Jedoch wurden nicht, wie gewohnt, die besten amerikanischen\nWerke, sondern die besten englischsprachigen Romane vorgestellt und diskutiert.\nDas Spektrum reichte vom kanadischen Autor Michael Ondaatje (<em>Kriegslicht<\/em>) \u00fcber die schottische\nAutorin A.L. Kennedy (<em>S\u00fc\u00dfer Ernst<\/em>)\nbis hin zum englischen Autor David Mitchell (<em>Slade House<\/em>).<\/p>\n\n\n\n<p>Auf dem Podium diskutierten Hubert\nSpiegel (FAZ), Ralf Hertel, Eva-Maria Windberger (beide Universit\u00e4t Trier) und\nMartin Genetsch (Studienseminar Trier). Nach einer kurzen Einf\u00fchrung in jeden\nRoman und einigen \u2013 zum Teil humorvollen \u2013 Einsch\u00e4tzungen der Diskutanten machte\ndas Publikum regen Gebrauch von der M\u00f6glichkeit, in die Diskussion\neinzusteigen. Der offizielle Teil endete mit weiteren Literaturempfehlungen von\nStudierenden der Universit\u00e4t Trier. Beim anschlie\u00dfenden Empfang wurde munter\nweiter diskutiert.<\/p>\n\n\n\n<div class=\"wp-block-image\"><figure class=\"aligncenter\"><img fetchpriority=\"high\" decoding=\"async\" width=\"605\" height=\"402\" src=\"https:\/\/lieblingsromane-trier.de\/wp-content\/uploads\/2019\/03\/grafik.png\" alt=\"\" class=\"wp-image-318\" srcset=\"https:\/\/lieblingsromane-trier.de\/wp-content\/uploads\/2019\/03\/grafik.png 605w, https:\/\/lieblingsromane-trier.de\/wp-content\/uploads\/2019\/03\/grafik-300x199.png 300w\" sizes=\"(max-width: 605px) 100vw, 605px\" \/><\/figure><\/div>\n\n\n\n<div class=\"wp-block-image\"><figure class=\"aligncenter\"><img decoding=\"async\" width=\"605\" height=\"402\" src=\"https:\/\/lieblingsromane-trier.de\/wp-content\/uploads\/2019\/03\/grafik-1.png\" alt=\"\" class=\"wp-image-319\" srcset=\"https:\/\/lieblingsromane-trier.de\/wp-content\/uploads\/2019\/03\/grafik-1.png 605w, https:\/\/lieblingsromane-trier.de\/wp-content\/uploads\/2019\/03\/grafik-1-300x199.png 300w\" sizes=\"(max-width: 605px) 100vw, 605px\" \/><\/figure><\/div>\n\n\n\n<div class=\"wp-block-image\"><figure class=\"aligncenter\"><img decoding=\"async\" width=\"605\" height=\"402\" src=\"https:\/\/lieblingsromane-trier.de\/wp-content\/uploads\/2019\/03\/grafik-2.png\" alt=\"\" class=\"wp-image-320\" srcset=\"https:\/\/lieblingsromane-trier.de\/wp-content\/uploads\/2019\/03\/grafik-2.png 605w, https:\/\/lieblingsromane-trier.de\/wp-content\/uploads\/2019\/03\/grafik-2-300x199.png 300w\" sizes=\"(max-width: 605px) 100vw, 605px\" \/><\/figure><\/div>\n\n\n\n<div class=\"wp-block-image\"><figure class=\"aligncenter is-resized\"><img decoding=\"async\" src=\"https:\/\/lieblingsromane-trier.de\/wp-content\/uploads\/2019\/03\/DSC_0042-1024x427.jpg\" alt=\"\" class=\"wp-image-321\" width=\"605\" srcset=\"https:\/\/lieblingsromane-trier.de\/wp-content\/uploads\/2019\/03\/DSC_0042-1024x427.jpg 1024w, https:\/\/lieblingsromane-trier.de\/wp-content\/uploads\/2019\/03\/DSC_0042-300x125.jpg 300w, https:\/\/lieblingsromane-trier.de\/wp-content\/uploads\/2019\/03\/DSC_0042-768x320.jpg 768w, https:\/\/lieblingsromane-trier.de\/wp-content\/uploads\/2019\/03\/DSC_0042-1140x475.jpg 1140w\" sizes=\"(max-width: 1024px) 100vw, 1024px\" \/><\/figure><\/div>\n\n\n\n<figure class=\"wp-block-image size-large\"><img loading=\"lazy\" decoding=\"async\" width=\"768\" height=\"1024\" src=\"http:\/\/lieblingsromane-trier.de\/wp-content\/uploads\/2018\/12\/Plakat_Englische_Lieblingsromane_2018-1-768x1024.jpg\" alt=\"\" class=\"wp-image-173\" srcset=\"https:\/\/lieblingsromane-trier.de\/wp-content\/uploads\/2018\/12\/Plakat_Englische_Lieblingsromane_2018-1-768x1024.jpg 768w, https:\/\/lieblingsromane-trier.de\/wp-content\/uploads\/2018\/12\/Plakat_Englische_Lieblingsromane_2018-1-225x300.jpg 225w, https:\/\/lieblingsromane-trier.de\/wp-content\/uploads\/2018\/12\/Plakat_Englische_Lieblingsromane_2018-1.jpg 1008w\" sizes=\"(max-width: 768px) 100vw, 768px\" \/><\/figure>\n","protected":false},"excerpt":{"rendered":"<p>Trierer Literaturgespr\u00e4ch in neuem Format Unter dem Titel \u201eEnglische Lieblingsromane\u201c fand Ende Januar das j\u00e4hrliche Literaturgespr\u00e4ch in der Stadtbibliothek Weberbach statt. Das neue Format der Universit\u00e4t Trier, des Trierer Centrums f\u00fcr Amerikastudien, des Zentrums f\u00fcr Kanada-Studien und der Stadtbibliothek fand gro\u00dfen Anklang. In den vergangenen zehn Jahren war die Stadtbibliothek an einem Freitag im Januar voller Menschen, die gespannt auf die Vorstellung der besten amerikanischen Romane des vergangenen Jahres wartete. Dieses Jahr warteten ebenfalls knapp 150 Menschen in der ausgebuchten Stadtbibliothek. Jedoch wurden nicht, wie gewohnt, die besten amerikanischen Werke, sondern die besten englischsprachigen Romane vorgestellt und diskutiert. Das Spektrum reichte vom kanadischen Autor Michael Ondaatje (Kriegslicht) \u00fcber die schottische Autorin A.L. Kennedy (S\u00fc\u00dfer Ernst) bis hin zum englischen Autor David Mitchell (Slade House). Auf dem Podium diskutierten Hubert Spiegel (FAZ), Ralf Hertel, Eva-Maria Windberger (beide Universit\u00e4t Trier) und Martin Genetsch (Studienseminar Trier). Nach einer kurzen Einf\u00fchrung in jeden Roman und einigen \u2013 zum Teil humorvollen \u2013 Einsch\u00e4tzungen der Diskutanten machte das Publikum regen Gebrauch von der M\u00f6glichkeit, in die Diskussion einzusteigen. Der offizielle Teil endete mit weiteren Literaturempfehlungen von Studierenden der Universit\u00e4t Trier. Beim anschlie\u00dfenden Empfang wurde munter weiter diskutiert.<\/p>\n","protected":false},"author":1,"featured_media":0,"parent":324,"menu_order":0,"comment_status":"closed","ping_status":"closed","template":"","meta":{"footnotes":""},"class_list":["post-317","page","type-page","status-publish","hentry"],"yoast_head":"<!-- This site is optimized with the Yoast SEO plugin v27.5 - https:\/\/yoast.com\/product\/yoast-seo-wordpress\/ -->\n<title>2019 - Lieblingsromane<\/title>\n<meta name=\"robots\" content=\"index, follow, max-snippet:-1, max-image-preview:large, max-video-preview:-1\" \/>\n<link rel=\"canonical\" href=\"https:\/\/lieblingsromane-trier.de\/?page_id=317\" \/>\n<meta property=\"og:locale\" content=\"de_DE\" \/>\n<meta property=\"og:type\" content=\"article\" \/>\n<meta property=\"og:title\" content=\"2019 - Lieblingsromane\" \/>\n<meta property=\"og:description\" content=\"Trierer Literaturgespr\u00e4ch in neuem Format Unter dem Titel \u201eEnglische Lieblingsromane\u201c fand Ende Januar das j\u00e4hrliche Literaturgespr\u00e4ch in der Stadtbibliothek Weberbach statt. Das neue Format der Universit\u00e4t Trier, des Trierer Centrums f\u00fcr Amerikastudien, des Zentrums f\u00fcr Kanada-Studien und der Stadtbibliothek fand gro\u00dfen Anklang. In den vergangenen zehn Jahren war die Stadtbibliothek an einem Freitag im Januar voller Menschen, die gespannt auf die Vorstellung der besten amerikanischen Romane des vergangenen Jahres wartete. Dieses Jahr warteten ebenfalls knapp 150 Menschen in der ausgebuchten Stadtbibliothek. Jedoch wurden nicht, wie gewohnt, die besten amerikanischen Werke, sondern die besten englischsprachigen Romane vorgestellt und diskutiert. Das Spektrum reichte vom kanadischen Autor Michael Ondaatje (Kriegslicht) \u00fcber die schottische Autorin A.L. Kennedy (S\u00fc\u00dfer Ernst) bis hin zum englischen Autor David Mitchell (Slade House). Auf dem Podium diskutierten Hubert Spiegel (FAZ), Ralf Hertel, Eva-Maria Windberger (beide Universit\u00e4t Trier) und Martin Genetsch (Studienseminar Trier). Nach einer kurzen Einf\u00fchrung in jeden Roman und einigen \u2013 zum Teil humorvollen \u2013 Einsch\u00e4tzungen der Diskutanten machte das Publikum regen Gebrauch von der M\u00f6glichkeit, in die Diskussion einzusteigen. Der offizielle Teil endete mit weiteren Literaturempfehlungen von Studierenden der Universit\u00e4t Trier. Beim anschlie\u00dfenden Empfang wurde munter weiter diskutiert.\" \/>\n<meta property=\"og:url\" content=\"https:\/\/lieblingsromane-trier.de\/?page_id=317\" \/>\n<meta property=\"og:site_name\" content=\"Lieblingsromane\" \/>\n<meta property=\"article:modified_time\" content=\"2021-01-26T22:01:14+00:00\" \/>\n<meta property=\"og:image\" content=\"https:\/\/lieblingsromane-trier.de\/wp-content\/uploads\/2019\/03\/grafik.png\" \/>\n<meta name=\"twitter:card\" content=\"summary_large_image\" \/>\n<meta name=\"twitter:label1\" content=\"Gesch\u00e4tzte Lesezeit\" \/>\n\t<meta name=\"twitter:data1\" content=\"2\u00a0Minuten\" \/>\n<script type=\"application\/ld+json\" class=\"yoast-schema-graph\">{\"@context\":\"https:\\\/\\\/schema.org\",\"@graph\":[{\"@type\":\"WebPage\",\"@id\":\"https:\\\/\\\/lieblingsromane-trier.de\\\/?page_id=317\",\"url\":\"https:\\\/\\\/lieblingsromane-trier.de\\\/?page_id=317\",\"name\":\"2019 - Lieblingsromane\",\"isPartOf\":{\"@id\":\"https:\\\/\\\/lieblingsromane-trier.de\\\/#website\"},\"primaryImageOfPage\":{\"@id\":\"https:\\\/\\\/lieblingsromane-trier.de\\\/?page_id=317#primaryimage\"},\"image\":{\"@id\":\"https:\\\/\\\/lieblingsromane-trier.de\\\/?page_id=317#primaryimage\"},\"thumbnailUrl\":\"https:\\\/\\\/lieblingsromane-trier.de\\\/wp-content\\\/uploads\\\/2019\\\/03\\\/grafik.png\",\"datePublished\":\"2019-03-27T13:22:15+00:00\",\"dateModified\":\"2021-01-26T22:01:14+00:00\",\"breadcrumb\":{\"@id\":\"https:\\\/\\\/lieblingsromane-trier.de\\\/?page_id=317#breadcrumb\"},\"inLanguage\":\"de\",\"potentialAction\":[{\"@type\":\"ReadAction\",\"target\":[\"https:\\\/\\\/lieblingsromane-trier.de\\\/?page_id=317\"]}]},{\"@type\":\"ImageObject\",\"inLanguage\":\"de\",\"@id\":\"https:\\\/\\\/lieblingsromane-trier.de\\\/?page_id=317#primaryimage\",\"url\":\"https:\\\/\\\/lieblingsromane-trier.de\\\/wp-content\\\/uploads\\\/2019\\\/03\\\/grafik.png\",\"contentUrl\":\"https:\\\/\\\/lieblingsromane-trier.de\\\/wp-content\\\/uploads\\\/2019\\\/03\\\/grafik.png\"},{\"@type\":\"BreadcrumbList\",\"@id\":\"https:\\\/\\\/lieblingsromane-trier.de\\\/?page_id=317#breadcrumb\",\"itemListElement\":[{\"@type\":\"ListItem\",\"position\":1,\"name\":\"Startseite\",\"item\":\"https:\\\/\\\/lieblingsromane-trier.de\\\/\"},{\"@type\":\"ListItem\",\"position\":2,\"name\":\"Archiv\",\"item\":\"https:\\\/\\\/lieblingsromane-trier.de\\\/?page_id=324\"},{\"@type\":\"ListItem\",\"position\":3,\"name\":\"2019\"}]},{\"@type\":\"WebSite\",\"@id\":\"https:\\\/\\\/lieblingsromane-trier.de\\\/#website\",\"url\":\"https:\\\/\\\/lieblingsromane-trier.de\\\/\",\"name\":\"Lieblingsromane 2018\",\"description\":\"Eine Veranstaltung der Universit\u00e4t Trier\",\"potentialAction\":[{\"@type\":\"SearchAction\",\"target\":{\"@type\":\"EntryPoint\",\"urlTemplate\":\"https:\\\/\\\/lieblingsromane-trier.de\\\/?s={search_term_string}\"},\"query-input\":{\"@type\":\"PropertyValueSpecification\",\"valueRequired\":true,\"valueName\":\"search_term_string\"}}],\"inLanguage\":\"de\"}]}<\/script>\n<!-- \/ Yoast SEO plugin. -->","yoast_head_json":{"title":"2019 - Lieblingsromane","robots":{"index":"index","follow":"follow","max-snippet":"max-snippet:-1","max-image-preview":"max-image-preview:large","max-video-preview":"max-video-preview:-1"},"canonical":"https:\/\/lieblingsromane-trier.de\/?page_id=317","og_locale":"de_DE","og_type":"article","og_title":"2019 - Lieblingsromane","og_description":"Trierer Literaturgespr\u00e4ch in neuem Format Unter dem Titel \u201eEnglische Lieblingsromane\u201c fand Ende Januar das j\u00e4hrliche Literaturgespr\u00e4ch in der Stadtbibliothek Weberbach statt. Das neue Format der Universit\u00e4t Trier, des Trierer Centrums f\u00fcr Amerikastudien, des Zentrums f\u00fcr Kanada-Studien und der Stadtbibliothek fand gro\u00dfen Anklang. In den vergangenen zehn Jahren war die Stadtbibliothek an einem Freitag im Januar voller Menschen, die gespannt auf die Vorstellung der besten amerikanischen Romane des vergangenen Jahres wartete. Dieses Jahr warteten ebenfalls knapp 150 Menschen in der ausgebuchten Stadtbibliothek. Jedoch wurden nicht, wie gewohnt, die besten amerikanischen Werke, sondern die besten englischsprachigen Romane vorgestellt und diskutiert. Das Spektrum reichte vom kanadischen Autor Michael Ondaatje (Kriegslicht) \u00fcber die schottische Autorin A.L. Kennedy (S\u00fc\u00dfer Ernst) bis hin zum englischen Autor David Mitchell (Slade House). Auf dem Podium diskutierten Hubert Spiegel (FAZ), Ralf Hertel, Eva-Maria Windberger (beide Universit\u00e4t Trier) und Martin Genetsch (Studienseminar Trier). Nach einer kurzen Einf\u00fchrung in jeden Roman und einigen \u2013 zum Teil humorvollen \u2013 Einsch\u00e4tzungen der Diskutanten machte das Publikum regen Gebrauch von der M\u00f6glichkeit, in die Diskussion einzusteigen. Der offizielle Teil endete mit weiteren Literaturempfehlungen von Studierenden der Universit\u00e4t Trier. Beim anschlie\u00dfenden Empfang wurde munter weiter diskutiert.","og_url":"https:\/\/lieblingsromane-trier.de\/?page_id=317","og_site_name":"Lieblingsromane","article_modified_time":"2021-01-26T22:01:14+00:00","og_image":[{"url":"https:\/\/lieblingsromane-trier.de\/wp-content\/uploads\/2019\/03\/grafik.png","type":"","width":"","height":""}],"twitter_card":"summary_large_image","twitter_misc":{"Gesch\u00e4tzte Lesezeit":"2\u00a0Minuten"},"schema":{"@context":"https:\/\/schema.org","@graph":[{"@type":"WebPage","@id":"https:\/\/lieblingsromane-trier.de\/?page_id=317","url":"https:\/\/lieblingsromane-trier.de\/?page_id=317","name":"2019 - Lieblingsromane","isPartOf":{"@id":"https:\/\/lieblingsromane-trier.de\/#website"},"primaryImageOfPage":{"@id":"https:\/\/lieblingsromane-trier.de\/?page_id=317#primaryimage"},"image":{"@id":"https:\/\/lieblingsromane-trier.de\/?page_id=317#primaryimage"},"thumbnailUrl":"https:\/\/lieblingsromane-trier.de\/wp-content\/uploads\/2019\/03\/grafik.png","datePublished":"2019-03-27T13:22:15+00:00","dateModified":"2021-01-26T22:01:14+00:00","breadcrumb":{"@id":"https:\/\/lieblingsromane-trier.de\/?page_id=317#breadcrumb"},"inLanguage":"de","potentialAction":[{"@type":"ReadAction","target":["https:\/\/lieblingsromane-trier.de\/?page_id=317"]}]},{"@type":"ImageObject","inLanguage":"de","@id":"https:\/\/lieblingsromane-trier.de\/?page_id=317#primaryimage","url":"https:\/\/lieblingsromane-trier.de\/wp-content\/uploads\/2019\/03\/grafik.png","contentUrl":"https:\/\/lieblingsromane-trier.de\/wp-content\/uploads\/2019\/03\/grafik.png"},{"@type":"BreadcrumbList","@id":"https:\/\/lieblingsromane-trier.de\/?page_id=317#breadcrumb","itemListElement":[{"@type":"ListItem","position":1,"name":"Startseite","item":"https:\/\/lieblingsromane-trier.de\/"},{"@type":"ListItem","position":2,"name":"Archiv","item":"https:\/\/lieblingsromane-trier.de\/?page_id=324"},{"@type":"ListItem","position":3,"name":"2019"}]},{"@type":"WebSite","@id":"https:\/\/lieblingsromane-trier.de\/#website","url":"https:\/\/lieblingsromane-trier.de\/","name":"Lieblingsromane 2018","description":"Eine Veranstaltung der Universit\u00e4t Trier","potentialAction":[{"@type":"SearchAction","target":{"@type":"EntryPoint","urlTemplate":"https:\/\/lieblingsromane-trier.de\/?s={search_term_string}"},"query-input":{"@type":"PropertyValueSpecification","valueRequired":true,"valueName":"search_term_string"}}],"inLanguage":"de"}]}},"_links":{"self":[{"href":"https:\/\/lieblingsromane-trier.de\/index.php?rest_route=\/wp\/v2\/pages\/317","targetHints":{"allow":["GET"]}}],"collection":[{"href":"https:\/\/lieblingsromane-trier.de\/index.php?rest_route=\/wp\/v2\/pages"}],"about":[{"href":"https:\/\/lieblingsromane-trier.de\/index.php?rest_route=\/wp\/v2\/types\/page"}],"author":[{"embeddable":true,"href":"https:\/\/lieblingsromane-trier.de\/index.php?rest_route=\/wp\/v2\/users\/1"}],"replies":[{"embeddable":true,"href":"https:\/\/lieblingsromane-trier.de\/index.php?rest_route=%2Fwp%2Fv2%2Fcomments&post=317"}],"version-history":[{"count":7,"href":"https:\/\/lieblingsromane-trier.de\/index.php?rest_route=\/wp\/v2\/pages\/317\/revisions"}],"predecessor-version":[{"id":835,"href":"https:\/\/lieblingsromane-trier.de\/index.php?rest_route=\/wp\/v2\/pages\/317\/revisions\/835"}],"up":[{"embeddable":true,"href":"https:\/\/lieblingsromane-trier.de\/index.php?rest_route=\/wp\/v2\/pages\/324"}],"wp:attachment":[{"href":"https:\/\/lieblingsromane-trier.de\/index.php?rest_route=%2Fwp%2Fv2%2Fmedia&parent=317"}],"curies":[{"name":"wp","href":"https:\/\/api.w.org\/{rel}","templated":true}]}}