{"id":214,"date":"2018-12-18T13:43:27","date_gmt":"2018-12-18T12:43:27","guid":{"rendered":"http:\/\/lieblingsromane-trier.de\/?page_id=214"},"modified":"2022-01-05T22:30:45","modified_gmt":"2022-01-05T21:30:45","slug":"hubert-spiegel","status":"publish","type":"page","link":"https:\/\/lieblingsromane-trier.de\/?page_id=214","title":{"rendered":"Hubert Spiegel"},"content":{"rendered":"\n<p><\/p>\n\n\n\n<p>Hubert Spiegel studierte Germanistik, Geschichte und Soziologie in T\u00fcbingen und Freiburg. F\u00fcr das Feuilleton der F.A.Z. schreibt er seit 1988, zun\u00e4chst als freier Mitarbeiter und Kulturkorrespondent f\u00fcr Baden-W\u00fcrttemberg und die Schweiz, dann als Redakteur der Tiefdruckbeilage \u201eBilder und Zeiten&#8220;. 1994 folgte der Eintritt ins Literaturressort, das er von 2001 bis Ende 2008 leitete. Seitdem widmet er sich als Deutschland-Korrespondent des Feuilletons den unterschiedlichsten Themen; er ist auch verantwortlich f\u00fcr die 1974 von Marcel Reich-Ranicki begr\u00fcndete Frankfurter Anthologie. Er ist Herausgeber der B\u00e4nde \u201eWelch ein Leben. Marcel Reich-Ranickis Erinnerungen&#8220;, \u201eLieber Lord Chandos. Antworten auf einen Brief&#8220;, \u201eMein Lieblingsbuch&#8220;, \u201eBegegnungen mit Marcel Reich-Ranicki&#8220; und &#8222;Kafkas S\u00e4tze&#8220;. 2005 erhielt er den Alfred-Kerr-Preis f\u00fcr Literaturkritik. <\/p>\n","protected":false},"excerpt":{"rendered":"<p>Hubert Spiegel studierte Germanistik, Geschichte und Soziologie in T\u00fcbingen und Freiburg. F\u00fcr das Feuilleton der F.A.Z. schreibt er seit 1988, zun\u00e4chst als freier Mitarbeiter und Kulturkorrespondent f\u00fcr Baden-W\u00fcrttemberg und die Schweiz, dann als Redakteur der Tiefdruckbeilage \u201eBilder und Zeiten&#8220;. 1994 folgte der Eintritt ins Literaturressort, das er von 2001 bis Ende 2008 leitete. Seitdem widmet er sich als Deutschland-Korrespondent des Feuilletons den unterschiedlichsten Themen; er ist auch verantwortlich f\u00fcr die 1974 von Marcel Reich-Ranicki begr\u00fcndete Frankfurter Anthologie. Er ist Herausgeber der B\u00e4nde \u201eWelch ein Leben. Marcel Reich-Ranickis Erinnerungen&#8220;, \u201eLieber Lord Chandos. Antworten auf einen Brief&#8220;, \u201eMein Lieblingsbuch&#8220;, \u201eBegegnungen mit Marcel Reich-Ranicki&#8220; und &#8222;Kafkas S\u00e4tze&#8220;. 2005 erhielt er den Alfred-Kerr-Preis f\u00fcr Literaturkritik.<\/p>\n","protected":false},"author":1,"featured_media":0,"parent":0,"menu_order":0,"comment_status":"closed","ping_status":"closed","template":"","meta":{"footnotes":""},"class_list":["post-214","page","type-page","status-publish","hentry"],"yoast_head":"<!-- This site is optimized with the Yoast SEO plugin v27.5 - https:\/\/yoast.com\/product\/yoast-seo-wordpress\/ -->\n<title>Hubert Spiegel - Lieblingsromane<\/title>\n<meta name=\"robots\" content=\"index, follow, max-snippet:-1, max-image-preview:large, max-video-preview:-1\" \/>\n<link rel=\"canonical\" href=\"https:\/\/lieblingsromane-trier.de\/?page_id=214\" \/>\n<meta property=\"og:locale\" content=\"de_DE\" \/>\n<meta property=\"og:type\" content=\"article\" \/>\n<meta property=\"og:title\" content=\"Hubert Spiegel - Lieblingsromane\" \/>\n<meta property=\"og:description\" content=\"Hubert Spiegel studierte Germanistik, Geschichte und Soziologie in T\u00fcbingen und Freiburg. F\u00fcr das Feuilleton der F.A.Z. schreibt er seit 1988, zun\u00e4chst als freier Mitarbeiter und Kulturkorrespondent f\u00fcr Baden-W\u00fcrttemberg und die Schweiz, dann als Redakteur der Tiefdruckbeilage \u201eBilder und Zeiten&#8220;. 1994 folgte der Eintritt ins Literaturressort, das er von 2001 bis Ende 2008 leitete. Seitdem widmet er sich als Deutschland-Korrespondent des Feuilletons den unterschiedlichsten Themen; er ist auch verantwortlich f\u00fcr die 1974 von Marcel Reich-Ranicki begr\u00fcndete Frankfurter Anthologie. Er ist Herausgeber der B\u00e4nde \u201eWelch ein Leben. Marcel Reich-Ranickis Erinnerungen&#8220;, \u201eLieber Lord Chandos. Antworten auf einen Brief&#8220;, \u201eMein Lieblingsbuch&#8220;, \u201eBegegnungen mit Marcel Reich-Ranicki&#8220; und &#8222;Kafkas S\u00e4tze&#8220;. 2005 erhielt er den Alfred-Kerr-Preis f\u00fcr Literaturkritik.\" \/>\n<meta property=\"og:url\" content=\"https:\/\/lieblingsromane-trier.de\/?page_id=214\" \/>\n<meta property=\"og:site_name\" content=\"Lieblingsromane\" \/>\n<meta property=\"article:modified_time\" content=\"2022-01-05T21:30:45+00:00\" \/>\n<meta name=\"twitter:card\" content=\"summary_large_image\" \/>\n<meta name=\"twitter:label1\" content=\"Gesch\u00e4tzte Lesezeit\" \/>\n\t<meta name=\"twitter:data1\" content=\"1\u00a0Minute\" \/>\n<script type=\"application\/ld+json\" class=\"yoast-schema-graph\">{\"@context\":\"https:\\\/\\\/schema.org\",\"@graph\":[{\"@type\":\"WebPage\",\"@id\":\"https:\\\/\\\/lieblingsromane-trier.de\\\/?page_id=214\",\"url\":\"https:\\\/\\\/lieblingsromane-trier.de\\\/?page_id=214\",\"name\":\"Hubert Spiegel - Lieblingsromane\",\"isPartOf\":{\"@id\":\"https:\\\/\\\/lieblingsromane-trier.de\\\/#website\"},\"datePublished\":\"2018-12-18T12:43:27+00:00\",\"dateModified\":\"2022-01-05T21:30:45+00:00\",\"breadcrumb\":{\"@id\":\"https:\\\/\\\/lieblingsromane-trier.de\\\/?page_id=214#breadcrumb\"},\"inLanguage\":\"de\",\"potentialAction\":[{\"@type\":\"ReadAction\",\"target\":[\"https:\\\/\\\/lieblingsromane-trier.de\\\/?page_id=214\"]}]},{\"@type\":\"BreadcrumbList\",\"@id\":\"https:\\\/\\\/lieblingsromane-trier.de\\\/?page_id=214#breadcrumb\",\"itemListElement\":[{\"@type\":\"ListItem\",\"position\":1,\"name\":\"Startseite\",\"item\":\"https:\\\/\\\/lieblingsromane-trier.de\\\/\"},{\"@type\":\"ListItem\",\"position\":2,\"name\":\"Hubert Spiegel\"}]},{\"@type\":\"WebSite\",\"@id\":\"https:\\\/\\\/lieblingsromane-trier.de\\\/#website\",\"url\":\"https:\\\/\\\/lieblingsromane-trier.de\\\/\",\"name\":\"Lieblingsromane 2018\",\"description\":\"Eine Veranstaltung der Universit\u00e4t Trier\",\"potentialAction\":[{\"@type\":\"SearchAction\",\"target\":{\"@type\":\"EntryPoint\",\"urlTemplate\":\"https:\\\/\\\/lieblingsromane-trier.de\\\/?s={search_term_string}\"},\"query-input\":{\"@type\":\"PropertyValueSpecification\",\"valueRequired\":true,\"valueName\":\"search_term_string\"}}],\"inLanguage\":\"de\"}]}<\/script>\n<!-- \/ Yoast SEO plugin. -->","yoast_head_json":{"title":"Hubert Spiegel - Lieblingsromane","robots":{"index":"index","follow":"follow","max-snippet":"max-snippet:-1","max-image-preview":"max-image-preview:large","max-video-preview":"max-video-preview:-1"},"canonical":"https:\/\/lieblingsromane-trier.de\/?page_id=214","og_locale":"de_DE","og_type":"article","og_title":"Hubert Spiegel - Lieblingsromane","og_description":"Hubert Spiegel studierte Germanistik, Geschichte und Soziologie in T\u00fcbingen und Freiburg. F\u00fcr das Feuilleton der F.A.Z. schreibt er seit 1988, zun\u00e4chst als freier Mitarbeiter und Kulturkorrespondent f\u00fcr Baden-W\u00fcrttemberg und die Schweiz, dann als Redakteur der Tiefdruckbeilage \u201eBilder und Zeiten&#8220;. 1994 folgte der Eintritt ins Literaturressort, das er von 2001 bis Ende 2008 leitete. Seitdem widmet er sich als Deutschland-Korrespondent des Feuilletons den unterschiedlichsten Themen; er ist auch verantwortlich f\u00fcr die 1974 von Marcel Reich-Ranicki begr\u00fcndete Frankfurter Anthologie. Er ist Herausgeber der B\u00e4nde \u201eWelch ein Leben. Marcel Reich-Ranickis Erinnerungen&#8220;, \u201eLieber Lord Chandos. Antworten auf einen Brief&#8220;, \u201eMein Lieblingsbuch&#8220;, \u201eBegegnungen mit Marcel Reich-Ranicki&#8220; und &#8222;Kafkas S\u00e4tze&#8220;. 2005 erhielt er den Alfred-Kerr-Preis f\u00fcr Literaturkritik.","og_url":"https:\/\/lieblingsromane-trier.de\/?page_id=214","og_site_name":"Lieblingsromane","article_modified_time":"2022-01-05T21:30:45+00:00","twitter_card":"summary_large_image","twitter_misc":{"Gesch\u00e4tzte Lesezeit":"1\u00a0Minute"},"schema":{"@context":"https:\/\/schema.org","@graph":[{"@type":"WebPage","@id":"https:\/\/lieblingsromane-trier.de\/?page_id=214","url":"https:\/\/lieblingsromane-trier.de\/?page_id=214","name":"Hubert Spiegel - Lieblingsromane","isPartOf":{"@id":"https:\/\/lieblingsromane-trier.de\/#website"},"datePublished":"2018-12-18T12:43:27+00:00","dateModified":"2022-01-05T21:30:45+00:00","breadcrumb":{"@id":"https:\/\/lieblingsromane-trier.de\/?page_id=214#breadcrumb"},"inLanguage":"de","potentialAction":[{"@type":"ReadAction","target":["https:\/\/lieblingsromane-trier.de\/?page_id=214"]}]},{"@type":"BreadcrumbList","@id":"https:\/\/lieblingsromane-trier.de\/?page_id=214#breadcrumb","itemListElement":[{"@type":"ListItem","position":1,"name":"Startseite","item":"https:\/\/lieblingsromane-trier.de\/"},{"@type":"ListItem","position":2,"name":"Hubert Spiegel"}]},{"@type":"WebSite","@id":"https:\/\/lieblingsromane-trier.de\/#website","url":"https:\/\/lieblingsromane-trier.de\/","name":"Lieblingsromane 2018","description":"Eine Veranstaltung der Universit\u00e4t Trier","potentialAction":[{"@type":"SearchAction","target":{"@type":"EntryPoint","urlTemplate":"https:\/\/lieblingsromane-trier.de\/?s={search_term_string}"},"query-input":{"@type":"PropertyValueSpecification","valueRequired":true,"valueName":"search_term_string"}}],"inLanguage":"de"}]}},"_links":{"self":[{"href":"https:\/\/lieblingsromane-trier.de\/index.php?rest_route=\/wp\/v2\/pages\/214","targetHints":{"allow":["GET"]}}],"collection":[{"href":"https:\/\/lieblingsromane-trier.de\/index.php?rest_route=\/wp\/v2\/pages"}],"about":[{"href":"https:\/\/lieblingsromane-trier.de\/index.php?rest_route=\/wp\/v2\/types\/page"}],"author":[{"embeddable":true,"href":"https:\/\/lieblingsromane-trier.de\/index.php?rest_route=\/wp\/v2\/users\/1"}],"replies":[{"embeddable":true,"href":"https:\/\/lieblingsromane-trier.de\/index.php?rest_route=%2Fwp%2Fv2%2Fcomments&post=214"}],"version-history":[{"count":2,"href":"https:\/\/lieblingsromane-trier.de\/index.php?rest_route=\/wp\/v2\/pages\/214\/revisions"}],"predecessor-version":[{"id":1097,"href":"https:\/\/lieblingsromane-trier.de\/index.php?rest_route=\/wp\/v2\/pages\/214\/revisions\/1097"}],"wp:attachment":[{"href":"https:\/\/lieblingsromane-trier.de\/index.php?rest_route=%2Fwp%2Fv2%2Fmedia&parent=214"}],"curies":[{"name":"wp","href":"https:\/\/api.w.org\/{rel}","templated":true}]}}

<p></p>



<p>Hubert Spiegel studierte Germanistik, Geschichte und Soziologie in Tübingen und Freiburg. Für das Feuilleton der F.A.Z. schreibt er seit 1988, zunächst als freier Mitarbeiter und Kulturkorrespondent für Baden-Württemberg und die Schweiz, dann als Redakteur der Tiefdruckbeilage „Bilder und Zeiten&#8220;. 1994 folgte der Eintritt ins Literaturressort, das er von 2001 bis Ende 2008 leitete. Seitdem widmet er sich als Deutschland-Korrespondent des Feuilletons den unterschiedlichsten Themen; er ist auch verantwortlich für die 1974 von Marcel Reich-Ranicki begründete Frankfurter Anthologie. Er ist Herausgeber der Bände „Welch ein Leben. Marcel Reich-Ranickis Erinnerungen&#8220;, „Lieber Lord Chandos. Antworten auf einen Brief&#8220;, „Mein Lieblingsbuch&#8220;, „Begegnungen mit Marcel Reich-Ranicki&#8220; und &#8222;Kafkas Sätze&#8220;. 2005 erhielt er den Alfred-Kerr-Preis für Literaturkritik. </p>

<p>Hubert Spiegel studierte Germanistik, Geschichte und Soziologie in Tübingen und Freiburg. Für das Feuilleton der F.A.Z. schreibt er seit 1988, zunächst als freier Mitarbeiter und Kulturkorrespondent für Baden-Württemberg und die Schweiz, dann als Redakteur der Tiefdruckbeilage „Bilder und Zeiten&#8220;. 1994 folgte der Eintritt ins Literaturressort, das er von 2001 bis Ende 2008 leitete. Seitdem widmet er sich als Deutschland-Korrespondent des Feuilletons den unterschiedlichsten Themen; er ist auch verantwortlich für die 1974 von Marcel Reich-Ranicki begründete Frankfurter Anthologie. Er ist Herausgeber der Bände „Welch ein Leben. Marcel Reich-Ranickis Erinnerungen&#8220;, „Lieber Lord Chandos. Antworten auf einen Brief&#8220;, „Mein Lieblingsbuch&#8220;, „Begegnungen mit Marcel Reich-Ranicki&#8220; und &#8222;Kafkas Sätze&#8220;. 2005 erhielt er den Alfred-Kerr-Preis für Literaturkritik.</p>

<!-- This site is optimized with the Yoast SEO plugin v27.5 - https://yoast.com/product/yoast-seo-wordpress/ -->
<title>Hubert Spiegel - Lieblingsromane</title>
<meta name="robots" content="index, follow, max-snippet:-1, max-image-preview:large, max-video-preview:-1" />
<link rel="canonical" href="https://lieblingsromane-trier.de/?page_id=214" />
<meta property="og:locale" content="de_DE" />
<meta property="og:type" content="article" />
<meta property="og:title" content="Hubert Spiegel - Lieblingsromane" />
<meta property="og:description" content="Hubert Spiegel studierte Germanistik, Geschichte und Soziologie in Tübingen und Freiburg. Für das Feuilleton der F.A.Z. schreibt er seit 1988, zunächst als freier Mitarbeiter und Kulturkorrespondent für Baden-Württemberg und die Schweiz, dann als Redakteur der Tiefdruckbeilage „Bilder und Zeiten&#8220;. 1994 folgte der Eintritt ins Literaturressort, das er von 2001 bis Ende 2008 leitete. Seitdem widmet er sich als Deutschland-Korrespondent des Feuilletons den unterschiedlichsten Themen; er ist auch verantwortlich für die 1974 von Marcel Reich-Ranicki begründete Frankfurter Anthologie. Er ist Herausgeber der Bände „Welch ein Leben. Marcel Reich-Ranickis Erinnerungen&#8220;, „Lieber Lord Chandos. Antworten auf einen Brief&#8220;, „Mein Lieblingsbuch&#8220;, „Begegnungen mit Marcel Reich-Ranicki&#8220; und &#8222;Kafkas Sätze&#8220;. 2005 erhielt er den Alfred-Kerr-Preis für Literaturkritik." />
<meta property="og:url" content="https://lieblingsromane-trier.de/?page_id=214" />
<meta property="og:site_name" content="Lieblingsromane" />
<meta property="article:modified_time" content="2022-01-05T21:30:45+00:00" />
<meta name="twitter:card" content="summary_large_image" />
<meta name="twitter:label1" content="Geschätzte Lesezeit" />
	<meta name="twitter:data1" content="1 Minute" />
<script type="application/ld+json" class="yoast-schema-graph">{"@context":"https:\/\/schema.org","@graph":[{"@type":"WebPage","@id":"https:\/\/lieblingsromane-trier.de\/?page_id=214","url":"https:\/\/lieblingsromane-trier.de\/?page_id=214","name":"Hubert Spiegel - Lieblingsromane","isPartOf":{"@id":"https:\/\/lieblingsromane-trier.de\/#website"},"datePublished":"2018-12-18T12:43:27+00:00","dateModified":"2022-01-05T21:30:45+00:00","breadcrumb":{"@id":"https:\/\/lieblingsromane-trier.de\/?page_id=214#breadcrumb"},"inLanguage":"de","potentialAction":[{"@type":"ReadAction","target":["https:\/\/lieblingsromane-trier.de\/?page_id=214"]}]},{"@type":"BreadcrumbList","@id":"https:\/\/lieblingsromane-trier.de\/?page_id=214#breadcrumb","itemListElement":[{"@type":"ListItem","position":1,"name":"Startseite","item":"https:\/\/lieblingsromane-trier.de\/"},{"@type":"ListItem","position":2,"name":"Hubert Spiegel"}]},{"@type":"WebSite","@id":"https:\/\/lieblingsromane-trier.de\/#website","url":"https:\/\/lieblingsromane-trier.de\/","name":"Lieblingsromane 2018","description":"Eine Veranstaltung der Universität Trier","potentialAction":[{"@type":"SearchAction","target":{"@type":"EntryPoint","urlTemplate":"https:\/\/lieblingsromane-trier.de\/?s={search_term_string}"},"query-input":{"@type":"PropertyValueSpecification","valueRequired":true,"valueName":"search_term_string"}}],"inLanguage":"de"}]}</script>
<!-- / Yoast SEO plugin. -->

Hubert Spiegel studierte Germanistik, Geschichte und Soziologie in Tübingen und Freiburg. Für das Feuilleton der F.A.Z. schreibt er seit 1988, zunächst als freier Mitarbeiter und Kulturkorrespondent für Baden-Württemberg und die Schweiz, dann als Redakteur der Tiefdruckbeilage „Bilder und Zeiten&#8220;. 1994 folgte der Eintritt ins Literaturressort, das er von 2001 bis Ende 2008 leitete. Seitdem widmet er sich als Deutschland-Korrespondent des Feuilletons den unterschiedlichsten Themen; er ist auch verantwortlich für die 1974 von Marcel Reich-Ranicki begründete Frankfurter Anthologie. Er ist Herausgeber der Bände „Welch ein Leben. Marcel Reich-Ranickis Erinnerungen&#8220;, „Lieber Lord Chandos. Antworten auf einen Brief&#8220;, „Mein Lieblingsbuch&#8220;, „Begegnungen mit Marcel Reich-Ranicki&#8220; und &#8222;Kafkas Sätze&#8220;. 2005 erhielt er den Alfred-Kerr-Preis für Literaturkritik.

Eine Veranstaltung der Universität Trier
