{"id":1232,"date":"2023-06-08T07:33:44","date_gmt":"2023-06-08T06:33:44","guid":{"rendered":"https:\/\/lieblingsromane-trier.de\/?page_id=1232"},"modified":"2023-06-08T07:39:45","modified_gmt":"2023-06-08T06:39:45","slug":"nachleben","status":"publish","type":"page","link":"https:\/\/lieblingsromane-trier.de\/?page_id=1232","title":{"rendered":"Nachleben"},"content":{"rendered":"\n<figure class=\"wp-block-image size-full is-resized\"><img fetchpriority=\"high\" decoding=\"async\" src=\"https:\/\/lieblingsromane-trier.de\/wp-content\/uploads\/2023\/05\/Nachleben-.jpg\" alt=\"\" class=\"wp-image-1268\" width=\"221\" height=\"356\" srcset=\"https:\/\/lieblingsromane-trier.de\/wp-content\/uploads\/2023\/05\/Nachleben-.jpg 385w, https:\/\/lieblingsromane-trier.de\/wp-content\/uploads\/2023\/05\/Nachleben--186x300.jpg 186w\" sizes=\"(max-width: 221px) 100vw, 221px\" \/><\/figure>\n\n\n\n<p><\/p>\n\n\n\n<p>Situiert in einer ostafrikanischen Hafenstadt thematisiert der Roman die Entfremdung und Entwurzelung am Beispiel zweier junger M\u00e4nner, die die Auswirkungen von Kolonialismus und Migration in voller H\u00e4rte zu sp\u00fcren bekommen. Ilyas wird mit elf Jahren von den deutschen Kolonialtruppen zwangsrekrutiert. Als er Jahre sp\u00e4ter zu seiner Familie zur\u00fcckkehren will, stellt er fest, dass seine Eltern verstorben sind. Es gelingt ihm, seine kleine Schwester Afiya ausfindig zu machen, die bei Verwandten wohnt und von ihnen misshandelt und sklavengleich gehalten wird. Nachdem er seine Schwester zun\u00e4chst zu sich holt, kehrt er einige Zeit sp\u00e4ter aus augenscheinlich unerkl\u00e4rlichen Gr\u00fcnden freiwillig der Schutztruppe bei und l\u00e4sst sie allein.&nbsp;Hamza, der aus erheblicher Armut heraus als Kind von seinen Eltern verkauft wurde, tritt aufgrund von Aussichtslosigkeit ebenfalls den deutschen Kolonialtruppen bei, wo er Arbeit und Sicherheit sucht. Nach dem Krieg \u00fcberschneiden sich die Wege der drei Figuren. Afiya und Hamza verlieben sich, und w\u00e4hrend sie gemeinsam leben und eine Familie gr\u00fcnden \u00fcberschattet der Versuch, das Vergangene und Ungekl\u00e4rte hinter sich zu lassen das junge Gl\u00fcck. Eindr\u00fccklich und ungesch\u00f6nt zeichnet der Roman ein Bild der individuellen Auswirkung von Kolonialisierung und Krieg.<\/p>\n\n\n\n<p><strong>Abdulrazak Gurnah: <\/strong>Abdulrazak Gurnah ist ein tansanischer Autor, der am 20. Dezember 1948 geboren wurde, lebt und arbeitet jedoch seit seiner Flucht 1968 in Gro\u00dfbritannien. Nach seiner Zeit an der University Kano in Nigeria lehrte und promovierte er an der University of Kent als Professor f\u00fcr Englisch und postkoloniale Literatur. Trotz seiner Muttersprache Swahili sind seine Werke in englischer Sprache verfasst. Seine gr\u00f6\u00dfte Auszeichnung ist der Nobelpreis f\u00fcr Literatur, den er 2021 \u201ef\u00fcr sein kompromissloses und mitf\u00fchlendes Durchdringen der Auswirkungen des Kolonialismus und des Fl\u00fcchtlingsschicksals in der Kluft zwischen Kulturen und Kontinenten\u201c (nobelprize.org) erhielt.<\/p>\n\n\n\n<figure class=\"wp-block-embed\"><div class=\"wp-block-embed__wrapper\">\nhttps:\/\/www.nobelprize.org\/prizes\/literature\/2021\/gurnah\/facts\/\n<\/div><\/figure>\n","protected":false},"excerpt":{"rendered":"<p>Situiert in einer ostafrikanischen Hafenstadt thematisiert der Roman die Entfremdung und Entwurzelung am Beispiel zweier junger M\u00e4nner, die die Auswirkungen von Kolonialismus und Migration in voller H\u00e4rte zu sp\u00fcren bekommen. Ilyas wird mit elf Jahren von den deutschen Kolonialtruppen zwangsrekrutiert. Als er Jahre sp\u00e4ter zu seiner Familie zur\u00fcckkehren will, stellt er fest, dass seine Eltern verstorben sind. Es gelingt ihm, seine kleine Schwester Afiya ausfindig zu machen, die bei Verwandten wohnt und von ihnen misshandelt und sklavengleich gehalten wird. Nachdem er seine Schwester zun\u00e4chst zu sich holt, kehrt er einige Zeit sp\u00e4ter aus augenscheinlich unerkl\u00e4rlichen Gr\u00fcnden freiwillig der Schutztruppe bei und l\u00e4sst sie allein.&nbsp;Hamza, der aus erheblicher Armut heraus als Kind von seinen Eltern verkauft wurde, tritt aufgrund von Aussichtslosigkeit ebenfalls den deutschen Kolonialtruppen bei, wo er Arbeit und Sicherheit sucht. Nach dem Krieg \u00fcberschneiden sich die Wege der drei Figuren. Afiya und Hamza verlieben sich, und w\u00e4hrend sie gemeinsam leben und eine Familie gr\u00fcnden \u00fcberschattet der Versuch, das Vergangene und Ungekl\u00e4rte hinter sich zu lassen das junge Gl\u00fcck. Eindr\u00fccklich und ungesch\u00f6nt zeichnet der Roman ein Bild der individuellen Auswirkung von Kolonialisierung und Krieg. Abdulrazak Gurnah: Abdulrazak Gurnah ist ein tansanischer Autor, der am 20. Dezember 1948 geboren wurde, lebt und arbeitet jedoch seit seiner Flucht 1968 in Gro\u00dfbritannien. Nach seiner Zeit an der University Kano in Nigeria lehrte und promovierte er an der University of Kent als Professor f\u00fcr Englisch und postkoloniale Literatur. Trotz seiner Muttersprache Swahili sind seine Werke in englischer Sprache verfasst. Seine gr\u00f6\u00dfte Auszeichnung ist der Nobelpreis f\u00fcr Literatur, den er 2021 \u201ef\u00fcr sein kompromissloses und mitf\u00fchlendes Durchdringen der Auswirkungen des Kolonialismus und des Fl\u00fcchtlingsschicksals in der Kluft zwischen Kulturen und Kontinenten\u201c (nobelprize.org) erhielt.<\/p>\n","protected":false},"author":1,"featured_media":0,"parent":0,"menu_order":0,"comment_status":"closed","ping_status":"closed","template":"","meta":{"footnotes":""},"class_list":["post-1232","page","type-page","status-publish","hentry"],"yoast_head":"<!-- This site is optimized with the Yoast SEO plugin v27.5 - https:\/\/yoast.com\/product\/yoast-seo-wordpress\/ -->\n<title>Nachleben - Lieblingsromane<\/title>\n<meta name=\"robots\" content=\"index, follow, max-snippet:-1, max-image-preview:large, max-video-preview:-1\" \/>\n<link rel=\"canonical\" href=\"https:\/\/lieblingsromane-trier.de\/?page_id=1232\" \/>\n<meta property=\"og:locale\" content=\"de_DE\" \/>\n<meta property=\"og:type\" content=\"article\" \/>\n<meta property=\"og:title\" content=\"Nachleben - Lieblingsromane\" \/>\n<meta property=\"og:description\" content=\"Situiert in einer ostafrikanischen Hafenstadt thematisiert der Roman die Entfremdung und Entwurzelung am Beispiel zweier junger M\u00e4nner, die die Auswirkungen von Kolonialismus und Migration in voller H\u00e4rte zu sp\u00fcren bekommen. Ilyas wird mit elf Jahren von den deutschen Kolonialtruppen zwangsrekrutiert. Als er Jahre sp\u00e4ter zu seiner Familie zur\u00fcckkehren will, stellt er fest, dass seine Eltern verstorben sind. Es gelingt ihm, seine kleine Schwester Afiya ausfindig zu machen, die bei Verwandten wohnt und von ihnen misshandelt und sklavengleich gehalten wird. Nachdem er seine Schwester zun\u00e4chst zu sich holt, kehrt er einige Zeit sp\u00e4ter aus augenscheinlich unerkl\u00e4rlichen Gr\u00fcnden freiwillig der Schutztruppe bei und l\u00e4sst sie allein.&nbsp;Hamza, der aus erheblicher Armut heraus als Kind von seinen Eltern verkauft wurde, tritt aufgrund von Aussichtslosigkeit ebenfalls den deutschen Kolonialtruppen bei, wo er Arbeit und Sicherheit sucht. Nach dem Krieg \u00fcberschneiden sich die Wege der drei Figuren. Afiya und Hamza verlieben sich, und w\u00e4hrend sie gemeinsam leben und eine Familie gr\u00fcnden \u00fcberschattet der Versuch, das Vergangene und Ungekl\u00e4rte hinter sich zu lassen das junge Gl\u00fcck. Eindr\u00fccklich und ungesch\u00f6nt zeichnet der Roman ein Bild der individuellen Auswirkung von Kolonialisierung und Krieg. Abdulrazak Gurnah: Abdulrazak Gurnah ist ein tansanischer Autor, der am 20. Dezember 1948 geboren wurde, lebt und arbeitet jedoch seit seiner Flucht 1968 in Gro\u00dfbritannien. Nach seiner Zeit an der University Kano in Nigeria lehrte und promovierte er an der University of Kent als Professor f\u00fcr Englisch und postkoloniale Literatur. Trotz seiner Muttersprache Swahili sind seine Werke in englischer Sprache verfasst. Seine gr\u00f6\u00dfte Auszeichnung ist der Nobelpreis f\u00fcr Literatur, den er 2021 \u201ef\u00fcr sein kompromissloses und mitf\u00fchlendes Durchdringen der Auswirkungen des Kolonialismus und des Fl\u00fcchtlingsschicksals in der Kluft zwischen Kulturen und Kontinenten\u201c (nobelprize.org) erhielt.\" \/>\n<meta property=\"og:url\" content=\"https:\/\/lieblingsromane-trier.de\/?page_id=1232\" \/>\n<meta property=\"og:site_name\" content=\"Lieblingsromane\" \/>\n<meta property=\"article:modified_time\" content=\"2023-06-08T06:39:45+00:00\" \/>\n<meta property=\"og:image\" content=\"https:\/\/lieblingsromane-trier.de\/wp-content\/uploads\/2023\/05\/Nachleben-.jpg\" \/>\n<meta name=\"twitter:card\" content=\"summary_large_image\" \/>\n<meta name=\"twitter:label1\" content=\"Gesch\u00e4tzte Lesezeit\" \/>\n\t<meta name=\"twitter:data1\" content=\"2\u00a0Minuten\" \/>\n<script type=\"application\/ld+json\" class=\"yoast-schema-graph\">{\"@context\":\"https:\\\/\\\/schema.org\",\"@graph\":[{\"@type\":\"WebPage\",\"@id\":\"https:\\\/\\\/lieblingsromane-trier.de\\\/?page_id=1232\",\"url\":\"https:\\\/\\\/lieblingsromane-trier.de\\\/?page_id=1232\",\"name\":\"Nachleben - Lieblingsromane\",\"isPartOf\":{\"@id\":\"https:\\\/\\\/lieblingsromane-trier.de\\\/#website\"},\"primaryImageOfPage\":{\"@id\":\"https:\\\/\\\/lieblingsromane-trier.de\\\/?page_id=1232#primaryimage\"},\"image\":{\"@id\":\"https:\\\/\\\/lieblingsromane-trier.de\\\/?page_id=1232#primaryimage\"},\"thumbnailUrl\":\"https:\\\/\\\/lieblingsromane-trier.de\\\/wp-content\\\/uploads\\\/2023\\\/05\\\/Nachleben-.jpg\",\"datePublished\":\"2023-06-08T06:33:44+00:00\",\"dateModified\":\"2023-06-08T06:39:45+00:00\",\"breadcrumb\":{\"@id\":\"https:\\\/\\\/lieblingsromane-trier.de\\\/?page_id=1232#breadcrumb\"},\"inLanguage\":\"de\",\"potentialAction\":[{\"@type\":\"ReadAction\",\"target\":[\"https:\\\/\\\/lieblingsromane-trier.de\\\/?page_id=1232\"]}]},{\"@type\":\"ImageObject\",\"inLanguage\":\"de\",\"@id\":\"https:\\\/\\\/lieblingsromane-trier.de\\\/?page_id=1232#primaryimage\",\"url\":\"https:\\\/\\\/lieblingsromane-trier.de\\\/wp-content\\\/uploads\\\/2023\\\/05\\\/Nachleben-.jpg\",\"contentUrl\":\"https:\\\/\\\/lieblingsromane-trier.de\\\/wp-content\\\/uploads\\\/2023\\\/05\\\/Nachleben-.jpg\"},{\"@type\":\"BreadcrumbList\",\"@id\":\"https:\\\/\\\/lieblingsromane-trier.de\\\/?page_id=1232#breadcrumb\",\"itemListElement\":[{\"@type\":\"ListItem\",\"position\":1,\"name\":\"Startseite\",\"item\":\"https:\\\/\\\/lieblingsromane-trier.de\\\/\"},{\"@type\":\"ListItem\",\"position\":2,\"name\":\"Nachleben\"}]},{\"@type\":\"WebSite\",\"@id\":\"https:\\\/\\\/lieblingsromane-trier.de\\\/#website\",\"url\":\"https:\\\/\\\/lieblingsromane-trier.de\\\/\",\"name\":\"Lieblingsromane 2018\",\"description\":\"Eine Veranstaltung der Universit\u00e4t Trier\",\"potentialAction\":[{\"@type\":\"SearchAction\",\"target\":{\"@type\":\"EntryPoint\",\"urlTemplate\":\"https:\\\/\\\/lieblingsromane-trier.de\\\/?s={search_term_string}\"},\"query-input\":{\"@type\":\"PropertyValueSpecification\",\"valueRequired\":true,\"valueName\":\"search_term_string\"}}],\"inLanguage\":\"de\"}]}<\/script>\n<!-- \/ Yoast SEO plugin. -->","yoast_head_json":{"title":"Nachleben - Lieblingsromane","robots":{"index":"index","follow":"follow","max-snippet":"max-snippet:-1","max-image-preview":"max-image-preview:large","max-video-preview":"max-video-preview:-1"},"canonical":"https:\/\/lieblingsromane-trier.de\/?page_id=1232","og_locale":"de_DE","og_type":"article","og_title":"Nachleben - Lieblingsromane","og_description":"Situiert in einer ostafrikanischen Hafenstadt thematisiert der Roman die Entfremdung und Entwurzelung am Beispiel zweier junger M\u00e4nner, die die Auswirkungen von Kolonialismus und Migration in voller H\u00e4rte zu sp\u00fcren bekommen. Ilyas wird mit elf Jahren von den deutschen Kolonialtruppen zwangsrekrutiert. Als er Jahre sp\u00e4ter zu seiner Familie zur\u00fcckkehren will, stellt er fest, dass seine Eltern verstorben sind. Es gelingt ihm, seine kleine Schwester Afiya ausfindig zu machen, die bei Verwandten wohnt und von ihnen misshandelt und sklavengleich gehalten wird. Nachdem er seine Schwester zun\u00e4chst zu sich holt, kehrt er einige Zeit sp\u00e4ter aus augenscheinlich unerkl\u00e4rlichen Gr\u00fcnden freiwillig der Schutztruppe bei und l\u00e4sst sie allein.&nbsp;Hamza, der aus erheblicher Armut heraus als Kind von seinen Eltern verkauft wurde, tritt aufgrund von Aussichtslosigkeit ebenfalls den deutschen Kolonialtruppen bei, wo er Arbeit und Sicherheit sucht. Nach dem Krieg \u00fcberschneiden sich die Wege der drei Figuren. Afiya und Hamza verlieben sich, und w\u00e4hrend sie gemeinsam leben und eine Familie gr\u00fcnden \u00fcberschattet der Versuch, das Vergangene und Ungekl\u00e4rte hinter sich zu lassen das junge Gl\u00fcck. Eindr\u00fccklich und ungesch\u00f6nt zeichnet der Roman ein Bild der individuellen Auswirkung von Kolonialisierung und Krieg. Abdulrazak Gurnah: Abdulrazak Gurnah ist ein tansanischer Autor, der am 20. Dezember 1948 geboren wurde, lebt und arbeitet jedoch seit seiner Flucht 1968 in Gro\u00dfbritannien. Nach seiner Zeit an der University Kano in Nigeria lehrte und promovierte er an der University of Kent als Professor f\u00fcr Englisch und postkoloniale Literatur. Trotz seiner Muttersprache Swahili sind seine Werke in englischer Sprache verfasst. Seine gr\u00f6\u00dfte Auszeichnung ist der Nobelpreis f\u00fcr Literatur, den er 2021 \u201ef\u00fcr sein kompromissloses und mitf\u00fchlendes Durchdringen der Auswirkungen des Kolonialismus und des Fl\u00fcchtlingsschicksals in der Kluft zwischen Kulturen und Kontinenten\u201c (nobelprize.org) erhielt.","og_url":"https:\/\/lieblingsromane-trier.de\/?page_id=1232","og_site_name":"Lieblingsromane","article_modified_time":"2023-06-08T06:39:45+00:00","og_image":[{"url":"https:\/\/lieblingsromane-trier.de\/wp-content\/uploads\/2023\/05\/Nachleben-.jpg","type":"","width":"","height":""}],"twitter_card":"summary_large_image","twitter_misc":{"Gesch\u00e4tzte Lesezeit":"2\u00a0Minuten"},"schema":{"@context":"https:\/\/schema.org","@graph":[{"@type":"WebPage","@id":"https:\/\/lieblingsromane-trier.de\/?page_id=1232","url":"https:\/\/lieblingsromane-trier.de\/?page_id=1232","name":"Nachleben - Lieblingsromane","isPartOf":{"@id":"https:\/\/lieblingsromane-trier.de\/#website"},"primaryImageOfPage":{"@id":"https:\/\/lieblingsromane-trier.de\/?page_id=1232#primaryimage"},"image":{"@id":"https:\/\/lieblingsromane-trier.de\/?page_id=1232#primaryimage"},"thumbnailUrl":"https:\/\/lieblingsromane-trier.de\/wp-content\/uploads\/2023\/05\/Nachleben-.jpg","datePublished":"2023-06-08T06:33:44+00:00","dateModified":"2023-06-08T06:39:45+00:00","breadcrumb":{"@id":"https:\/\/lieblingsromane-trier.de\/?page_id=1232#breadcrumb"},"inLanguage":"de","potentialAction":[{"@type":"ReadAction","target":["https:\/\/lieblingsromane-trier.de\/?page_id=1232"]}]},{"@type":"ImageObject","inLanguage":"de","@id":"https:\/\/lieblingsromane-trier.de\/?page_id=1232#primaryimage","url":"https:\/\/lieblingsromane-trier.de\/wp-content\/uploads\/2023\/05\/Nachleben-.jpg","contentUrl":"https:\/\/lieblingsromane-trier.de\/wp-content\/uploads\/2023\/05\/Nachleben-.jpg"},{"@type":"BreadcrumbList","@id":"https:\/\/lieblingsromane-trier.de\/?page_id=1232#breadcrumb","itemListElement":[{"@type":"ListItem","position":1,"name":"Startseite","item":"https:\/\/lieblingsromane-trier.de\/"},{"@type":"ListItem","position":2,"name":"Nachleben"}]},{"@type":"WebSite","@id":"https:\/\/lieblingsromane-trier.de\/#website","url":"https:\/\/lieblingsromane-trier.de\/","name":"Lieblingsromane 2018","description":"Eine Veranstaltung der Universit\u00e4t Trier","potentialAction":[{"@type":"SearchAction","target":{"@type":"EntryPoint","urlTemplate":"https:\/\/lieblingsromane-trier.de\/?s={search_term_string}"},"query-input":{"@type":"PropertyValueSpecification","valueRequired":true,"valueName":"search_term_string"}}],"inLanguage":"de"}]}},"_links":{"self":[{"href":"https:\/\/lieblingsromane-trier.de\/index.php?rest_route=\/wp\/v2\/pages\/1232","targetHints":{"allow":["GET"]}}],"collection":[{"href":"https:\/\/lieblingsromane-trier.de\/index.php?rest_route=\/wp\/v2\/pages"}],"about":[{"href":"https:\/\/lieblingsromane-trier.de\/index.php?rest_route=\/wp\/v2\/types\/page"}],"author":[{"embeddable":true,"href":"https:\/\/lieblingsromane-trier.de\/index.php?rest_route=\/wp\/v2\/users\/1"}],"replies":[{"embeddable":true,"href":"https:\/\/lieblingsromane-trier.de\/index.php?rest_route=%2Fwp%2Fv2%2Fcomments&post=1232"}],"version-history":[{"count":6,"href":"https:\/\/lieblingsromane-trier.de\/index.php?rest_route=\/wp\/v2\/pages\/1232\/revisions"}],"predecessor-version":[{"id":1312,"href":"https:\/\/lieblingsromane-trier.de\/index.php?rest_route=\/wp\/v2\/pages\/1232\/revisions\/1312"}],"wp:attachment":[{"href":"https:\/\/lieblingsromane-trier.de\/index.php?rest_route=%2Fwp%2Fv2%2Fmedia&parent=1232"}],"curies":[{"name":"wp","href":"https:\/\/api.w.org\/{rel}","templated":true}]}}